st common divisor of 550153 and 18796.
37
What is the highest common divisor of 1196 and 13916058?
598
Calculate the highest common divisor of 1551 and 4187747.
47
Calculate the greatest common factor of 22869 and 1119951.
63
What is the greatest common divisor of 335232 and 22653?
27
Calculate the greatest common factor of 1424658 and 8094.
114
What is the greatest common factor of 6500 and 2012400?
1300
Calculate the greatest common factor of 167279 and 4395139.
161
What is the highest common factor of 1680 and 12279120?
1680
What is the greatest common factor of 7416982 and 11890?
2378
Calculate the greatest common factor of 687726083 and 11.
11
What is the highest common divisor of 2622 and 5621454?
114
What is the highest common factor of 3253015 and 17370?
965
What is the highest common factor of 380 and 202539620?
380
Calculate the greatest common divisor of 792 and 875754.
198
What is the greatest common divisor of 46044 and 22050?
18
What is the highest common factor of 11 and 13753399?
11
What is the highest common factor of 170307 and 1574334?
1341
What is the highest common factor of 721270 and 14110?
830
Calculate the greatest common factor of 5460 and 134764.
28
Calculate the greatest common factor of 9 and 2159448.
3
Calculate the highest common factor of 43928 and 189601.
323
What is the highest common divisor of 108 and 19827468?
36
Calculate the highest common factor of 38254 and 161654.
1234
What is the highest common divisor of 100 and 14722700?
100
What is the highest common divisor of 2250 and 533475?
225
Calculate the greatest common divisor of 103581 and 48067.
677
What is the highest common factor of 198 and 84640266?
18
Calculate the highest common factor of 743444 and 265408.
1508
What is the highest common factor of 1449 and 1915501?
7
What is the highest common divisor of 3282994 and 76934?
286
What is the highest common factor of 41208484 and 2479?
67
What is the highest common factor of 320 and 38050560?
320
What is the highest common factor of 55918527 and 6?
3
What is the greatest common factor of 12177 and 38980953?
297
What is the highest common factor of 610948 and 1240?
124
What is the greatest common divisor of 676 and 2900196?
52
What is the highest common divisor of 128156 and 139104?
644
Calculate the greatest common divisor of 1340 and 102405748.
268
Calculate the greatest common factor of 33 and 173556317.
11
Calculate the highest common factor of 2280 and 80404485.
285
What is the highest common divisor of 937965 and 121065?
105
What is the greatest common divisor of 3668 and 131232787?
917
What is the greatest common divisor of 77625 and 4485?
345
What is the highest common divisor of 1812276 and 1212?
12
Calculate the greatest common divisor of 3304550 and 16125.
1075
What is the greatest common divisor of 24419752 and 1589?
1589
What is the greatest common divisor of 1950 and 881850?
150
Calculate the highest common divisor of 1631641 and 2068.
11
What is the greatest common factor of 72669034 and 1691?
1691
Calculate the greatest common factor of 956786 and 20050.
802
What is the greatest common factor of 21369 and 108273?
51
Calculate the greatest common divisor of 273 and 380442699.
273
What is the highest common divisor of 297827 and 4292835?
529
Calculate the highest common divisor of 116584136 and 8.
8
What is the greatest common divisor of 130 and 13797368?
26
Calculate the greatest common divisor of 104 and 224320.
8
What is the highest common factor of 30429 and 3563919?
621
Calculate the highest common divisor of 1556672 and 2496.
832
What is the greatest common factor of 5180 and 465312?
148
What is the highest common factor of 18632 and 6367792?
136
What is the highest common factor of 6568 and 1126144?
8
Calculate the greatest common factor of 113508814 and 1661.
151
What is the highest common divisor of 279 and 87074970?
93
What is the greatest common factor of 840 and 5948010?
30
What is the highest common factor of 2261 and 825664?
133
What is the greatest common divisor of 4160 and 522880?
320
What is the greatest common divisor of 80034 and 49638?
6
Calculate the highest common factor of 49 and 1291434494.
49
What is the highest common factor of 32239 and 841657?
313
What is the greatest common factor of 22831 and 827683?
79
What is the highest common divisor of 517632 and 164?
4
Calculate the highest common divisor of 729 and 641471157.
729
Calculate the greatest common factor of 466092 and 53286.
642
Calculate the highest common divisor of 1 and 7601689.
1
What is the highest common divisor of 889035290 and 66?
22
What is the highest common factor of 56260 and 301864?
388
Calculate the greatest common divisor of 4 and 152993032.
4
Calculate the highest common factor of 1485994 and 8213.
43
What is the greatest common factor of 4303 and 713947?
13
What is the greatest common factor of 1356 and 398073688?
452
Calculate the highest common factor of 7651 and 1366177862.
7651
What is the greatest common divisor of 2066660 and 2420?
20
Calculate the greatest common factor of 180 and 3319614.
18
Calculate the greatest common divisor of 3783 and 54478983.
3783
What is the highest common divisor of 20315341 and 87?
29
Calculate the greatest common divisor of 3278 and 1056030646.
3278
Calculate the greatest common factor of 7334592 and 192.
192
What is the highest common divisor of 726 and 1144418?
242
What is the greatest common factor of 703287 and 5031?
117
Calculate the greatest common factor of 2571758 and 266.
14
What is the highest common factor of 928593063 and 313?
313
Calculate the greatest common factor of 23 and 289069681.
23
What is the highest common divisor of 7163063 and 153583?
401
What is the highest common divisor of 3026693227 and 2687?
2687
Calculate the greatest common factor of 3814536 and 59400.
264
What is the greatest common divisor of 24477 and 68019?
123
What is the greatest common divisor of 321772 and 513898?
1562
Calculate the highest common factor of 183312 and 32160.
3216
Calculate the highest common factor of 759 and 10937696.
253
Calculate the greatest common divisor of 80 and 4362464.
16
Calculate the greatest common factor of 21006 and 3734789.
389
Calculate the greatest common divisor of 64240 and 1619365.
55
What is the highest common divisor of 579 and 62193864?
579
Calculate the greatest common divisor of 2805483 and 170316.
4731
Calculate the highest common factor of 860648924 and 3092.
3092
What is the greatest common factor of 1187267 and 26602?
47
Calculate the highest common factor of 27463 and 667348.
29
What is the highest common divisor of 1439968 and 26501764?
10588
Calculate the greatest common factor of 15722127 and 918.
459
What is the highest common factor of 72 and 92742108?
12
Calculate the greatest common factor of 39834870 and 1973.
1973
What is the highest common divisor of 5108236 and 3856?
964
What is the highest common factor of 112 and 1483748?
28
Calculate the highest common factor of 30 and 840648.
6
What is the highest common factor of 18162804 and 216?
12
Calculate the greatest common factor of 7410 and 551460.
390
Calculate the highest common divisor of 1494 and 7789218.
498
Calculate the highest common divisor of 6231 and 6434814.
201
Calculate the highest common divisor of 2185723040 and 240.
80
Calculate the highest common divisor of 1688 and 51294944.
1688
What is the greatest common divisor of 42 and 24848922?
42
What is the greatest common factor of 8048 and 18218?
2
Calculate the greatest common divisor of 19529 and 12891126.
331
Calculate the highest common factor of 506129 and 1.
1
Calculate the greatest common factor of 2908814 and 205406.
6626
Calculate the highest common factor of 1957 and 191501.
19
What is the highest common divisor of 13749 and 589415047?
4583
What is the greatest common factor of 9 and 18202977?
9
Calculate the greatest common divisor of 567 and 4824927.
81
What is the greatest common divisor of 29607028 and 174?
58
Calculate the highest common factor of 76272 and 72073862.
3178
What is the greatest common divisor of 445875 and 115125?
375
Calculate the highest common factor of 1702925 and 61642.
259
What is the greatest common factor of 342426 and 30?
6
Calculate the greatest common